32. Calculate the highest common divisor of s and z.
6
Suppose -2*j + 5 = -3. Let s be (146/j)/(9/18). Let k = -41 + s. Calculate the greatest common divisor of k and 4.
4
Let y be (-3)/7 - (-1490)/14. Let u = 107 - y. Calculate the highest common divisor of u and 1.
1
Let s = -9 - 4. Let m = s + 23. Calculate the greatest common divisor of 10 and m.
10
Suppose 0*d + 74*d + 84*d - 1422 = 0. Let q(u) = -2*u**3 + 2*u**2 + u. Let x be q(-1). What is the highest common divisor of x and d?
3
Let l = -5 + 301. Calculate the highest common factor of l and 4.
4
Let z = -80 - -84. Suppose -z*q + 653 = -5*x, 5*q - 318 - 493 = x. Calculate the greatest common factor of 54 and q.
54
Let j = 18 - -84. Suppose -2*t = 4*t - j. What is the greatest common factor of t and 51?
17
Suppose -v + 4 = -6. Suppose 0 = 17*w - 18*w - 3. Let i be w/(((-12)/(-25))/(-4)). What is the greatest common divisor of v and i?
5
Let o(i) = 4*i - 108. Let s be o(36). What is the highest common divisor of s and 52?
4
Suppose 0 = -5*o - 225 + 55. Let w = 130 + o. Suppose w = j + j. What is the highest common factor of j and 16?
16
Let f(x) = 6*x - 10. Let o be f(3). Suppose h + 3*h - 107 = 3*r, -4*r = 2*h + 106. Let p = -13 - r. What is the greatest common divisor of p and o?
8
Let u(d) = -17*d**2 - 2*d + 1. Let c be u(1). Let s = c - 0. Let p = 34 + s. Calculate the greatest common divisor of p and 112.
16
Suppose 5*p - 3 = 7. Suppose -p - 12 = -7*j. What is the greatest common factor of j and 4?
2
Suppose -22 = -2*z + 90. Let o = -125 + 132. What is the greatest common divisor of z and o?
7
Suppose -f + t = -189, -t - 519 - 48 = -3*f. Calculate the highest common factor of 27 and f.
27
Let n(o) = o**2 + 13*o + 9. Let u be n(-12). Let w(y) = -9*y - 12. Let x be w(u). Calculate the highest common divisor of 30 and x.
15
Suppose -3*j + 4*r + 120 = 0, 0 = -j + 4*r + 33 + 15. What is the highest common factor of 342 and j?
18
Let r(z) = z**2 + 6*z + 9. Let o be r(-5). Suppose -5*k - o*g + 708 = 0, -5*k - 254 = -3*g - 948. What is the highest common factor of 28 and k?
28
Suppose 0 = p - 26 + 29. Let c = -23 + p. Let w = c - -28. What is the highest common divisor of w and 16?
2
Suppose -6*x + 47 = -13. What is the highest common factor of x and 35?
5
Suppose -2*b - 11 = j, 3*b + 7*j - 5*j + 17 = 0. Let q = b - -43. Calculate the greatest common divisor of 38 and q.
38
Let a(j) = 58*j**2 + j - 3. Let q be a(2). Calculate the greatest common divisor of 42 and q.
21
Let z = -30 + -36. Let w = 118 + z. What is the highest common divisor of w and 13?
13
Suppose 6*u - 5 = 19. Suppose -5*n - u + 59 = 0. What is the greatest common divisor of 55 and n?
11
Let r be 10/(-2) - 1/((-8)/1944). Calculate the highest common divisor of r and 34.
34
Let p(n) = 3*n + 15. Let s be p(-4). Suppose 5*h - 5*k = 265, 0*h + k = -s*h + 163. Calculate the highest common divisor of 6 and h.
6
Let w be (-2 - (1 + -3))/(-2). Let q be (1 - w)/(1/45). Calculate the greatest common factor of q and 18.
9
Suppose 56 - 5 = -t. Let g be (-26)/65 - 26/10 - t. What is the greatest common divisor of g and 24?
24
Let g(w) = w**2 + 9*w - 7. Let u be g(-10). Suppose 0 = -u*q - 0*q. Suppose q = 15*m - 11*m - 44. Calculate the highest common divisor of 121 and m.
11
Let x(g) = -g**3 + 9*g**2 + 2*g + 4. Let v be x(7). Suppose 0 = -3*d + 94 + v. What is the highest common factor of 28 and d?
14
Let w be (-2)/((-14)/10 + 1). Let t(h) = -h + 8. Let o(c) = -4*c - 1. Let f be o(-1). Let m be t(f). Calculate the greatest common divisor of w and m.
5
Suppose -4*u + 78 = 5*l, -9*u + 8*u = 3*l - 51. Let y(h) = h**2 + h + 36. Let g be y(0). Let v = g - l. What is the greatest common divisor of 198 and v?
18
Let n be (-5)/(30/(-186)) + 27/(-9). Calculate the highest common divisor of n and 4.
4
Let r = -372 + 589. Let l = -107 + r. Suppose h = 5*h - 40. What is the highest common factor of h and l?
10
Let k(n) = n**3 + 7*n**2 - 3*n - 5. Let z(l) = l**3 - 4*l**2 - 7*l + 5. Let f be z(5). Let t be k(f). Calculate the greatest common divisor of t and 15.
15
Suppose 0 = -51*b + 2063 + 1762. Calculate the highest common divisor of b and 30.
15
Let w be (15/80*52)/((-6)/(-8)). Let s = -243 + 126. Let i = s + 208. Calculate the highest common factor of w and i.
13
Let t(y) = 155*y**2 + y - 1. Let g be t(1). Let h be 69/(-184) - g/(-8). What is the greatest common divisor of h and 95?
19
Let s(z) = z**3 - 14*z**2 + 27*z + 16. Let b be s(12). Calculate the highest common factor of b and 2.
2
Suppose 0 = 8*v - 10*v - 288. Let n = v - -201. Calculate the greatest common divisor of n and 38.
19
Let c be 6 - -4*12/(-16). Let r = c - -9. Suppose -3*v - 6 + r = 0. What is the highest common divisor of 5 and v?
1
Let x(d) be the third derivative of -d**6/60 + d**4/2 - d**3/6 - 13*d**2. Let i be x(-3). Calculate the greatest common factor of i and 153.
17
Let v = 1265 - 721. Calculate the highest common divisor of 102 and v.
34
Let g be ((-1)/(-3))/((-3)/(-513)). Calculate the highest common factor of g and 133.
19
Let x(s) = 173*s**2 - 3*s - 3. Let k be x(-1). Suppose -602 + k = -11*f. Calculate the greatest common divisor of 26 and f.
13
Suppose -9*o - 100 + 919 = 0. Calculate the greatest common divisor of o and 26.
13
Let s(k) = -k**3 - 6*k**2 + 7*k + 2. Let n be s(-7). Suppose 53*b - i + 76 = 57*b, -4*b + 4*i + 56 = 0. Calculate the greatest common factor of n and b.
2
Let h be 6/(-21) - (-16)/7. Suppose 138 = 4*z - 2*i, h*i = 3*z - 34 - 72. Let l = z - 11. What is the highest common factor of 63 and l?
21
Suppose 4*i - 9 = -5*c, c - 4*c + 7 = 4*i. Let v be i/5 - (-98)/10. Let g be (-536)/(-10) + v/25. Calculate the greatest common divisor of g and 135.
27
Let f(r) = 27*r + 5*r**2 - 8*r**2 + 14 + 5*r**2. Let n be f(-13). What is the highest common divisor of 8 and n?
1
Suppose -2*j - 2*p - 2 = 0, -5*p + 3*p = 6. Let k(r) = r**2 - 11*r + 8. Let f be k(6). Let y = f + 25. What is the highest common factor of j and y?
1
Let y = -91 - -127. Suppose y = -4*b + 164. What is the highest common divisor of 4 and b?
4
Let b = 184 + -155. Calculate the highest common factor of 2 and b.
1
Suppose 2*h + 6*h = h. Suppose h*q - q = -10. Calculate the greatest common factor of 110 and q.
10
Let z be 234/(-14) - (-4)/(-14). Let g = z - -13. Let f be (45/12)/((-1)/g). Calculate the highest common divisor of 6 and f.
3
Let v = 300 + -205. What is the highest common factor of 38 and v?
19
Let k(t) be the third derivative of t**5/60 + 5*t**4/24 - 2*t**3 + 12*t**2. Let q be k(6). Calculate the greatest common factor of 6 and q.
6
Let k be -1 + 3 - (2 + -17). Let p = k - 2. What is the greatest common factor of p and 3?
3
Let l = -2112 - -5987. What is the greatest common factor of 125 and l?
125
Let s = 12 + 4. Let d = s + -8. Let o(j) = j**2 + 3*j + 10. Let f be o(-10). What is the highest common divisor of f and d?
8
Suppose 7*q - 30 = q. Suppose 66 = h + 3*w - 0*w, 4*w + 425 = q*h. Let m = 8 - -1. What is the greatest common divisor of m and h?
9
Let x(o) = -109*o + 72. Let i be x(-14). What is the highest common divisor of 94 and i?
94
Let s be 9 + -5 - (-2 + 6). Let f(m) = 2*m**3 - m + 11. Let o be f(s). Calculate the greatest common factor of 11 and o.
11
Let q(a) = 16*a + 1184. Let z be q(-68). What is the highest common factor of 800 and z?
32
Let n = 0 - -40. Suppose -z + 100 = n. What is the highest common factor of z and 12?
12
Let s(q) = q**3 - 10*q**2 + 8*q + 3. Let f be s(9). Let b = f - -11. Suppose 134 = b*j + 39. Calculate the highest common divisor of j and 19.
19
Suppose 0 = -22*l + 1060 + 2108. What is the highest common divisor of 180 and l?
36
Let o(q) = q**2 + 24*q - 220. Let z be o(-38). What is the highest common factor of 182 and z?
26
Suppose 180 = 3*x + x. Let y be ((1 - -4) + -4)/(1/(-24)). Let h be (-2*(-15)/y)/((-1)/12). What is the greatest common factor of h and x?
15
Suppose -2*u + 2*p + 66 = 0, -11*p + 10*p + 57 = 2*u. Calculate the greatest common factor of u and 300.
30
Suppose 4*y - 3 = 3*y. Let t = 60 + y. What is the highest common factor of t and 9?
9
Let z(h) = 4*h + 16. Suppose 0 = l - 2*l + 8. Let m be z(l). What is the greatest common factor of m and 6?
6
Let d = 401 + -275. What is the highest common divisor of 18 and d?
18
